rivative of m**5/120 - 7*m**4/24 - m**3 + 3. Let i(p) be the third derivative of x(p). Determine i(5).
-2
Let i(c) = 3*c**3 + 12*c**2 - 16*c - 8. Let j(m) = -2*m**3 - 8*m**2 + 11*m + 5. Let w(l) = 5*i(l) + 7*j(l). Give w(-4).
7
Suppose 0*l - l = 4. Let g = l - -1. Let u(c) = -9*c**2 - 13*c + 6. Let t(s) = -5*s**2 - 7*s + 3. Let a(r) = -7*t(r) + 4*u(r). Calculate a(g).
3
Let g(j) = -2*j**2. Suppose -12 = 27*f - 31*f. Suppose u - 2*t + 8 = 0, u - 4*u - 4*t + 26 = 0. Suppose f*x - x = u. Determine g(x).
-2
Let k be 8/(-6) - (-2)/6. Let q(u) = 112*u + 1 - 226*u + 7*u**3 + 2*u**3 + 2*u**2 + 116*u. What is q(k)?
-8
Let c(w) be the third derivative of -w**4/24 - w**3/2 - w**2. Let u be c(-3). Let a = u - 4. Let s(j) = -j + 3. Calculate s(a).
7
Let u be (-37)/60 - 12/(-18). Let f(n) be the third derivative of 1/12*n**4 + 1/120*n**6 + u*n**5 - n**2 + 0 + 0*n + 1/6*n**3. Determine f(-2).
1
Let o(d) = d**3 - 2*d. Let a be o(0). Let m(w) = w**2 - w + 1. Give m(a).
1
Suppose 5*r - r = -3*t + 23, -4*t + 3*r + 14 = 0. Suppose 0*d - t = -d. Let y(o) = 0 + 3 - o**3 - 4 + d*o**2. Give y(5).
-1
Let z(o) = 4*o**2 + 11*o + 12. Let t(x) = -5*x**2 - 12*x - 13. Let p(f) = -3*t(f) - 4*z(f). Calculate p(-7).
-2
Suppose 3 = -3*b - 0. Let x(a) = 9*a**2 + a + 1. Give x(b).
9
Let b(g) = g - 2. Let m be 2/(1/9*3). Let n be b(m). Let x(c) = 0 - 5 - c + n. Give x(-5).
4
Let v(z) = z**3 + 5*z**2 + z + 5. Let n = -4 + 3. Let o be 12/(-7)*(-7)/2. Let x be n*6 + 6/o. Determine v(x).
0
Let c be (4/(-1))/(0 - 1). Let f(i) = c + 0 - i**2 - 5. Suppose 0 = -3*w + 1 + 2. Give f(w).
-2
Let c(b) be the second derivative of 0 - 1/2*b**3 + b**2 - 3*b. Give c(4).
-10
Suppose -5*u + 11 = -4*s - 25, 3*s = -12. Let w(h) be the third derivative of -h**4/6 + h**3/6 + h**2. What is w(u)?
-15
Let r(d) be the third derivative of -d**6/120 - d**4/24 - 11*d**3/6 - 16*d**2. Determine r(0).
-11
Let m be (4 + -1)*12/(-18). Let c(q) = -q**2 - 1. Let a(z) = z**2 - 4*z - 1. Let t(p) = a(p) + 2*c(p). What is t(m)?
1
Let o(y) = -7*y**2. Let i = 5 - 8. Let k = 4 + i. Give o(k).
-7
Let w(b) = 0 + 92*b - 93*b - 4. Give w(-8).
4
Let n = -3 - 0. Let j(z) = -z**3 + 2*z - 3 - 6*z + 2*z - 5*z**2 - 3*z. What is j(n)?
-6
Let z(y) = -3*y + 3. Let p be (2 + -3)/(1/(-2)). Let r(g) be the first derivative of 7*g**2/2 - 6*g + 2. Let q(x) = p*r(x) + 5*z(x). Determine q(5).
-2
Let o(c) be the second derivative of c**5/2 - 22*c. Suppose -1 + 3 = -2*d. Give o(d).
-10
Suppose -4*a + 6 - 2 = 0. Let z(w) = w**2 - w - 2*w**2 + 4*w**2 + 2*w. Let d(r) = 6*r**2 + 2*r. Let q(c) = 6*d(c) - 11*z(c). Determine q(a).
4
Let l = 1 + -1. Let q(o) = l*o + 3 - 3 + 1 - o. Calculate q(0).
1
Suppose -2*i - 5*v = -37, -5*v + 18 = 3*i - 25. Suppose -1 - 1 = 2*w - h, 4*w + 3*h - i = 0. Let d(b) = b + 6. Determine d(w).
6
Let f(d) = -d**3 + 5*d**2 - 2*d + 4. Let p = 10 - 8. Let x = p - -3. What is f(x)?
-6
Let i(u) = -u**3 + 5*u**2 + 8*u - 9. Let x be (-12)/((-3)/(3 + -6)). Let d be (x/8)/(2/(-8)). Determine i(d).
3
Let w(d) be the first derivative of -d**4/4 + 5*d**3/3 - 5*d**2/2 - 3*d - 11. Give w(4).
-7
Let k(y) = -2*y**2 + 411*y**3 - 410*y**3 - 4 + 7*y**2. Let r be (10/(-4))/((-2)/(-4)). What is k(r)?
-4
Let v(x) = x**3 + 5*x**2 + x - 1. Suppose -a + 7 = c, 0 = -5*a + 3*a + 2. Suppose 10 = -c*w + 4*w. Give v(w).
-6
Let z(s) = 5*s**3 - 7*s + 7. Let b(f) = 4*f**3 - f**2 - 6*f + 7. Let o(r) = -6*b(r) + 5*z(r). Calculate o(-6).
-13
Let m(y) be the third derivative of y**5/60 + y**4/8 + y**3/6 - 4*y**2. Give m(-4).
5
Let b(w) = w + 0*w - 8 + 9. Suppose 2*t = -3*s - 16, 2*t - s + 6 = -2. Calculate b(t).
-4
Let y be (2/(-7))/((-7)/49). Let i(f) = f**3 + 2*f**2 - 3*f + 1. What is i(y)?
11
Let b(z) be the third derivative of -7*z**4/24 - 7*z**3/2 + z**2. Let n(h) = -11*h - 32. Let j(r) = 8*b(r) - 5*n(r). Calculate j(-7).
-1
Let g(m) = -m**2 - 4*m - 1. Suppose 0 = -3*i + 23 - 8. Suppose -3*w + 2*q = 4, -i*w - 3*q - 46 = -14. Let h = -8 - w. Determine g(h).
-1
Let p = 5 + -1. Let o = 2 - p. Let s(r) = r**2 + 0*r**2 + 3 + r**2 + 2*r - 4*r**2. Give s(o).
-9
Let o(d) = -d**2 - 4*d - 4. Let r = -3 - -6. Let l be -5 - -4 - 6*-3. Suppose -5*u - r - l = 0. Give o(u).
-4
Suppose 3*c + 2*a = 1, -2*c + 0*c + 2*a = -4. Let h be (c - 2) + (-2 - -1). Let v(o) be the first derivative of 2*o**3/3 - o**2/2 - o + 6. Give v(h).
9
Suppose 3*v + 5*h + 17 = h, h = 4*v + 29. Let s(n) = 2*n + 2. Give s(v).
-12
Let h(x) = 12 + x + x**2 - 7 - 2*x + 10*x. What is h(-6)?
-13
Let u(b) = -b + 4. Let w be u(2). Suppose -w*z + 4*z - 16 = 2*g, 0 = -3*g - 15. Let x(p) = -p**3 + 2*p**2 + p - 3. Calculate x(z).
-9
Let v(c) = -2*c**2 + 3 - 3 + 0*c**2. Give v(2).
-8
Let g(c) = 5*c - 1. Let y be ((-30)/20)/(6/(-8)). Suppose -m - y = -4. Calculate g(m).
9
Let d(y) be the third derivative of -y**7/5040 - y**6/360 + y**5/20 + 3*y**2. Let g(z) be the third derivative of d(z). What is g(-4)?
2
Let y(x) = 7*x**2 - 15*x + 3. Let b(k) = -3*k**2 + 7*k - 1. Let m(g) = -5*b(g) - 2*y(g). Let v(u) = 2*u**2 + 5*u + 3. Let c be v(-3). Calculate m(c).
5
Let q = 51/1400 - 2/175. Let b(t) be the third derivative of 0*t**5 - 2*t**2 + 1/24*t**4 + 1/6*t**3 + q*t**6 + 0 + 0*t. Determine b(-1).
-3
Let d(p) = 12*p + 1. Suppose -4*x = -4*w - 24, 21 = x - 5*x - 5*w. Calculate d(x).
13
Let q(o) = 8*o**3 - 29*o**2 - 23*o + 32. Let x(u) = -3*u**3 + 10*u**2 + 8*u - 11. Let p = -9 - -5. Let s(v) = p*q(v) - 11*x(v). Determine s(-5).
-2
Let d(q) = 16*q**3 + q - 3. Let p(s) = -16*s**3 - s + 4. Let r(h) = -4*d(h) - 3*p(h). Determine r(-1).
17
Let u(o) = o - 4. Let g(y) = 1. Let h(c) = g(c) + u(c). What is h(-6)?
-9
Let w(r) be the second derivative of -r**4/12 - 5*r**3/6 + 2*r**2 - 5*r. Let u = -13 + 8. What is w(u)?
4
Let b(m) = 5*m**3 + 10*m**2 + 6*m + 13. Let v(x) = -9*x**3 - 19*x**2 - 11*x - 25. Let o = -14 - -7. Let g(h) = o*b(h) - 4*v(h). Determine g(-6).
-3
Let x = 9 + 31. Suppose 2*a = -3*a + x. Let v(t) = t**3 - 8*t**2 + 2*t - 12. Let m be v(a). Let s(y) = y - 7. Calculate s(m).
-3
Suppose -2*c - 6 - 4 = 0. Let f(u) = 4*u**2 + 4 + 3*u - 9 + u - 3*u**2. What is f(c)?
0
Suppose 1 = -5*j + 3*w, 0 + 16 = -5*j - 2*w. Let b = 8 + j. Let c(u) = u**2 - 3*u - 6. Give c(b).
12
Let f be -1 - 5/(5/(-4)). Let l(y) = -2*y + f*y + y - 3. Determine l(5).
7
Let n be (-97)/11 + (-2)/11. Let p be (-22)/(-6) + 1/3. Let w = n + p. Let s(t) = -t - 7. What is s(w)?
-2
Let k be 5/(-2) - 3/6. Let z be (-3)/k - (1 + -2). Suppose z*o + o = 0. Let b(n) = -n**2 + n + 8. What is b(o)?
8
Let x(q) be the third derivative of q**5/60 - q**4/24 - q**3/3 - 5*q**2. Calculate x(4).
10
Let w(r) = -14*r - 18. Let a(h) = -5*h - 6. Let c(j) = 8*a(j) - 3*w(j). Calculate c(-4).
-2
Let o(v) = -v - 9. Let h be o(-5). Let u = 2 - h. Let t(r) = r**2 - 5*r + 1. Determine t(u).
7
Suppose 0 = -5*j - 2*n - 0*n + 27, -4*j + 3*n = -17. Let y(x) = x**3 - 6*x**2 + 4*x + 2. What is y(j)?
-3
Let t be 33/(-5) + (-28)/70. Let c(p) = -p**3 - 7*p**2 - p - 7. Calculate c(t).
0
Let b(w) = w**3 - 7*w**2 + 5*w + 5. Let f = -19 + 35. Let s = f + -10. What is b(s)?
-1
Suppose -5*u + 20 = -u. Let n(a) = a**3 + 5*a + 9*a**2 - 5 + 4*a**2 + 6*a**3. Let y(r) = -11*r**3 - 20*r**2 - 8*r + 7. Let h(i) = u*y(i) + 8*n(i). Give h(-4).
-5
Let f(g) = g**2 + 9*g + 11. Let h be f(-8). Suppose 0 = -u + h*t - 19, -4*u - t - 15 = u. Let k(n) = n**2 + 5*n + 4. Determine k(u).
0
Suppose 4*w - 8 - 16 = -4*u, 4*w - 17 = 3*u. Let v(h) = h. Give v(u).
1
Let k be 1/(2 + (-20)/8). Let r(l) be the third derivative of -l**5/60 + l**4/24 - l**3/3 + 2*l**2. Calculate r(k).
-8
Let g(v) = -v**2 + 3*v + 1. Suppose -d = 5*h - 16, 2*h = -4*d + 3 - 11. What is g(h)?
-3
Let p(l) = 2 - 3 - 3*l**2 + 3 + 13*l. Let b(r) be the second derivative of -r**4/6 + 7*r**3/6 + r**2/2 - 2*r + 48. Let v(t) = 7*b(t) - 4*p(t). Calculate v(-3).
-10
Let y(h) be the first derivative of -h**3/3 - 2*h + 7. Determine y(0).
-2
Let b(c) = -c**2 - 2*c + 6. Let u be b(0). Let k(x) = -x**2 + 6*x - 2. What is k(u)?
-2
Let q be (20/(-25))/(4/(-10)). Suppose -4*r - o - 2*o = 0, 0 = -r - 4*o. Let g = q - r. Let k(p) = -2*p**3 + 4*p**2 - 3*p + 1. What is k(g)?
-5
Let w(l) = l + 1. Let q(x) = -x**2 + 3*x + 6. Let u(r) = q(r) - 2*w(r). Suppose 0*p = p - 3. Calculate u(p).
-2
Let r(y) = -y**2 - 13*y + 4. Let o be r(-13). Let z(g) = -4 + 4*g**2 - 2*g**3 